factors of 1066111.
1066111
What are the prime factors of 363311?
13, 27947
List the prime factors of 4131645.
3, 5, 7, 19, 109
List the prime factors of 12160985.
5, 211, 11527
What are the prime factors of 1024988?
2, 151, 1697
List the prime factors of 16269918.
2, 3, 7, 17, 22787
List the prime factors of 588639.
3, 19, 23, 449
List the prime factors of 316794.
2, 3, 37, 1427
List the prime factors of 228433.
29, 7877
List the prime factors of 33191017.
41, 643, 1259
List the prime factors of 137550.
2, 3, 5, 7, 131
What are the prime factors of 1979731?
13, 152287
List the prime factors of 508836.
2, 3, 42403
What are the prime factors of 6485634?
2, 3, 31, 59, 197
What are the prime factors of 178590?
2, 3, 5, 5953
What are the prime factors of 12917587?
19, 43, 97, 163
List the prime factors of 38776.
2, 37, 131
List the prime factors of 243233.
243233
List the prime factors of 9247753.
227, 40739
List the prime factors of 2008219.
2008219
List the prime factors of 2717195.
5, 13, 17, 2459
List the prime factors of 11663896.
2, 47, 67, 463
List the prime factors of 8266455.
3, 5, 20411
List the prime factors of 2294273.
23, 4337
List the prime factors of 224553.
3, 7, 17, 37
List the prime factors of 563745.
3, 5, 7, 13, 59
List the prime factors of 4440942.
2, 3, 11, 2039
What are the prime factors of 850892?
2, 7, 30389
List the prime factors of 872427.
3, 43, 6763
What are the prime factors of 25431720?
2, 3, 5, 211931
What are the prime factors of 10633159?
283, 37573
What are the prime factors of 7155078?
2, 3, 7, 24337
List the prime factors of 43516974.
2, 3, 17, 426637
What are the prime factors of 9182998?
2, 11, 71, 5879
What are the prime factors of 214744?
2, 17, 1579
What are the prime factors of 1085786?
2, 13, 41761
List the prime factors of 4909605.
3, 5, 327307
List the prime factors of 99176.
2, 7, 11, 23
What are the prime factors of 691579?
7, 31, 3187
What are the prime factors of 16575375?
3, 5, 44201
What are the prime factors of 112205?
5, 22441
What are the prime factors of 492834?
2, 3, 82139
List the prime factors of 319404.
2, 3, 43, 619
What are the prime factors of 7842639?
3, 7, 373459
List the prime factors of 912003.
3, 109, 2789
List the prime factors of 1942932.
2, 3, 161911
What are the prime factors of 176356?
2, 44089
What are the prime factors of 13559328?
2, 3, 23, 89
What are the prime factors of 206846?
2, 103423
What are the prime factors of 3668549?
17, 215797
What are the prime factors of 321612?
2, 3, 26801
What are the prime factors of 13881?
3, 7, 661
List the prime factors of 968601.
3, 19, 16993
List the prime factors of 10802448.
2, 3, 75017
What are the prime factors of 545466?
2, 3, 90911
List the prime factors of 507918.
2, 3, 84653
What are the prime factors of 4240383?
3, 7, 201923
What are the prime factors of 14947509?
3, 19, 262237
List the prime factors of 444110.
2, 5, 89, 499
List the prime factors of 240826.
2, 120413
What are the prime factors of 275450?
2, 5, 7, 787
List the prime factors of 481550.
2, 5, 9631
What are the prime factors of 151805?
5, 97, 313
What are the prime factors of 2753486?
2, 373, 3691
List the prime factors of 336890.
2, 5, 59, 571
List the prime factors of 70230.
2, 3, 5, 2341
What are the prime factors of 2216973?
3, 11, 67181
List the prime factors of 541243.
83, 6521
List the prime factors of 11699985.
3, 5, 11, 23, 3083
List the prime factors of 183466.
2, 91733
What are the prime factors of 27074874?
2, 3, 4512479
List the prime factors of 381905.
5, 17, 4493
What are the prime factors of 645343?
113, 5711
List the prime factors of 797138.
2, 398569
List the prime factors of 87318.
2, 3, 7, 11
What are the prime factors of 197849?
53, 3733
List the prime factors of 8182555.
5, 83, 19717
List the prime factors of 1529926.
2, 479, 1597
What are the prime factors of 2750606?
2, 1375303
List the prime factors of 8416698.
2, 3, 83, 16901
List the prime factors of 1205024.
2, 37657
What are the prime factors of 537645?
3, 5, 73, 491
List the prime factors of 782924.
2, 195731
List the prime factors of 1888259.
43, 43913
What are the prime factors of 7211457?
3, 11, 24281
What are the prime factors of 77173?
229, 337
What are the prime factors of 402003?
3, 7, 709
What are the prime factors of 2175971?
7, 137, 2269
What are the prime factors of 124517?
41, 3037
List the prime factors of 807880.
2, 5, 19, 1063
What are the prime factors of 4190557?
7, 598651
List the prime factors of 3034354.
2, 97, 15641
List the prime factors of 1154211.
3, 384737
What are the prime factors of 444800?
2, 5, 139
What are the prime factors of 52179?
3, 17393
List the prime factors of 926847.
3, 102983
List the prime factors of 751841.
751841
List the prime factors of 10202842.
2, 13, 71, 5527
List the prime factors of 1703731.
1703731
List the prime factors of 99986.
2, 49993
What are the prime factors of 1600702?
2, 800351
List the prime factors of 162649.
162649
List the prime factors of 26563989.
3, 1321, 6703
What are the prime factors of 671400?
2, 3, 5, 373
List the prime factors of 788738.
2, 394369
List the prime factors of 62488.
2, 73, 107
List the prime factors of 8191048.
2, 461, 2221
List the prime factors of 73300.
2, 5, 733
What are the prime factors of 173184?
2, 3, 11, 41
What are the prime factors of 6750059?
6750059
What are the prime factors of 615891?
3, 205297
List the prime factors of 4866273.
3, 540697
List the prime factors of 12409734.
2, 3, 31, 137, 487
What are the prime factors of 9194595?
3, 5, 23, 29, 919
What are the prime factors of 647787?
3, 7, 109, 283
What are the prime factors of 2763574?
2, 11, 125617
What are the prime factors of 1521327?
3, 507109
What are the prime factors of 171315?
3, 5, 47
What are the prime factors of 21536513?
21536513
List the prime factors of 1814744.
2, 226843
List the prime factors of 10043523.
3, 7, 159421
List the prime factors of 670733.
7, 95819
What are the prime factors of 132448?
2, 4139
What are the prime factors of 22244120?
2, 5, 556103
List the prime factors of 1101360.
2, 3, 5, 13, 353
List the prime factors of 13217303.
11, 359, 3347
List the prime factors of 7138328.
2, 892291
List the prime factors of 2170292.
2, 269, 2017
List the prime factors of 875015.
5, 175003
What are the prime factors of 310283?
310283
List the prime factors of 952838.
2, 476419
List the prime factors of 892896.
2, 3, 71, 131
What are the prime factors of 402986?
2, 201493
List the prime factors of 15097952.
2, 271, 1741
List the prime factors of 322859.
322859
List the prime factors of 5113755.
3, 5, 19, 5981
List the prime factors of 1093228.
2, 337, 811
List the prime factors of 381590.
2, 5, 11, 3469
What are the prime factors of 189974?
2, 43, 47
List the prime factors of 1959828.
2, 3, 13, 17, 739
What are the prime factors of 1442127?
3, 17, 28277
What are the prime factors of 4535918?
2, 487, 4657
What are the prime factors of 509921?
509921
List the prime factors of 29194869.
3, 11, 884693
List the prime factors of 554232.
2, 3, 7, 3299
What are the prime factors of 497036?
2, 137, 907
List the prime factors of 896925.
3, 5, 11959
What are the prime factors of 1042431?
3, 13, 26729
List the prime factors of 1728109.
41, 113, 373
List the prime factors of 2932947.
3, 325883
What are the prime factors of 4518628?
2, 229, 4933
What are the prime factors of 2790263?
7, 398609
What are the prime factors of 1358165?
5, 61, 73
What are the prime factors of 12998127?
3, 4332709
What are the prime factors of 2214606?
2, 3, 83, 4447
What are the prime factors of 222602?
2, 111301
List the prime factors of 153306.
2, 3, 17, 167
List the prime factors of 799761.
3, 266587
List the prime factors of 957892.
2, 13, 109
What are the prime factors of 1982969?
1982969
List the prime factors of 26602.
2, 47, 283
List the prime factors of 1155539.
7, 11, 43, 349
List the prime factors of 3306262.
2, 17, 47, 2069
List the prime factors of 420990.
2, 3, 5, 14033
What are the prime factors of 718985?
5, 143797
What are the prime factors of 10344463?
251, 41213
What are the prime factors of 1112208?
2, 3, 17, 29, 47
List the prime factors of 2973570.
2, 3, 5, 99119
List the prime factors of 17808787.
31, 574477
What are 